 -i*c + 46 = -4*y - 0. Is c a prime number?
False
Is (1/2*1)/((-54)/(-164484)) composite?
False
Suppose -4*h - 2187 = -c, -5*c + 4*c - 4*h = -2147. Is c a composite number?
True
Suppose 0 = 3*l + 32 + 1015. Let g = l - -516. Is g a composite number?
False
Let i(y) = y**3 + 5*y**2 - 16*y + 17. Is i(8) composite?
True
Let r(c) = -c**3 + 2*c**2 + 3*c - 3. Suppose 4*v = 2*t + 34, -2*t = 3*v - 0*t - 43. Suppose -3*l + 2 - v = 0. Is r(l) a prime number?
False
Let y(x) = 3*x - 3. Let n be y(3). Is (-10)/(-60) - (-1265)/n prime?
True
Let y(x) = -4*x - 123*x - 58*x. Is y(-1) a composite number?
True
Let b be (-5)/(-20) - 1/4. Suppose b = -u - 3*u + 8. Let w(g) = 4*g**3 - 2*g**2 - 3*g + 3. Is w(u) prime?
False
Let k(g) = g**3 - 13*g**2 - 12*g + 3. Is k(14) composite?
False
Let f = 19 - 33. Let t be 108/f - 2/7. Let n = 2 - t. Is n a composite number?
True
Let x = -5 + 5. Let k = x - -3. Suppose -5*o + 72 = k*y, 3*o = -o + 12. Is y composite?
False
Suppose 0 = -5*p - 0*p. Suppose -4*b + b + 3*t + 486 = p, -t = b - 168. Suppose 6*w = w + b. Is w prime?
False
Is (446/5)/((-19)/(-95)) a composite number?
True
Suppose 6*q = 7*q + 287. Let b = -194 - q. Is b a composite number?
True
Let q(i) = -53*i + 3. Let o be q(-6). Suppose 5 = -5*n - 10, 0 = 4*z + 5*n - o. Suppose 3*y - z = -y - 4*x, 5*x = 5*y - 155. Is y prime?
False
Suppose -2743 = -3*l + 3*x - 5*x, -3*l + x + 2755 = 0. Is l a composite number?
True
Let k be 1/(-5) - (-62)/10. Suppose -3*s + r = -5*s + 4, 4*s + 5*r - 20 = 0. Suppose s = d - 41 - k. Is d composite?
False
Suppose 6*b - 10387 - 20495 = 0. Is b a composite number?
False
Let i = -6837 - -11408. Is i composite?
True
Let p = 5 + -5. Suppose p = 3*y - 5*z - 99, -z + 37 = -5*y + 180. Let o = y + 31. Is o a composite number?
False
Let n(z) = -2*z - 16. Let r be n(-12). Let o(j) = -j**2 + 10*j - 5. Is o(r) a prime number?
True
Let x = 10 + -9. Suppose -a = 3*r + 4*a + x, -4*a - 2 = 2*r. Suppose 0 = -5*v - r*o + 1291, -2*o - 2*o + 265 = v. Is v a composite number?
False
Let n = 66 - 35. Suppose 3*s = -13 + n. Let m(f) = 2*f**2 - 5*f - 7. Is m(s) a composite number?
True
Suppose 2*y - 449 = -3*j, -y - 3*j + 222 = j. Is y a composite number?
True
Let j = -21 - -29. Suppose 0*w = -4*w + j. Suppose -w*h = 3*q - 41, -h + 0*h + 14 = q. Is q a prime number?
True
Let g(k) = 2*k**3 - 3*k**2 + 4*k + 4. Let t be g(4). Suppose -t = -2*y + 16. Suppose -y + 23 = -w. Is w a prime number?
False
Is 2/((3/(-5679))/(4/(-24))) a prime number?
True
Suppose 2*q + 9 = 6*q + 5*c, -4*c - 36 = -4*q. Is q a composite number?
True
Suppose 2*w + 10613 = 3*q - 19488, 2*q - 20079 = -w. Is q prime?
True
Let x be (-5 - -4) + 2 + -1. Suppose r + x*r + a - 7 = 0, 0 = 5*r - 4*a - 17. Suppose m = r*m - 572. Is m a composite number?
True
Let v(b) = -6*b**3 + b**2 - 4*b + 2. Is v(-3) composite?
True
Let y(r) = r + 1. Let p be y(-4). Let q be 1/(-3) - 64/p. Let a = 10 + q. Is a a composite number?
False
Let x(t) = -21*t**3 - 49*t - 49. Let k(h) = 2*h**3 + 5*h + 5. Let f(u) = -49*k(u) - 5*x(u). Is f(1) a prime number?
True
Let z(k) = -8*k. Let a(f) = 15*f. Let m(p) = -6*a(p) - 11*z(p). Is m(-5) a prime number?
False
Suppose 0 = p + 3*i + 2 - 3, 5*p + 3*i - 53 = 0. Let c = 8 + -5. Suppose 0 = -4*l - c*k + 22, -4*k + p = 3*l. Is l a prime number?
True
Suppose -3*f = -3*i + 210, 3*i - 323 = -2*i - 4*f. Is i a composite number?
False
Let n be -2 + 3*(-2 + 4). Let j(w) = -w + 16. Let p be j(0). Is p/4*15/n a composite number?
True
Suppose 0 = -4*c + 3*k + 506, -2*c = -c - 3*k - 131. Let a = -22 + c. Is a prime?
True
Let r be 5/((-10)/8) - -1. Let f be -115 - (6/r - -1). Let g = -65 - f. Is g composite?
True
Let h be 1 + -1 - (7 + -9). Is h*(-3)/(-12)*138 a prime number?
False
Let f be (-6)/(-15) + 7/(-5). Let t = 34 - -1. Is (3 - 4)/(f/t) a composite number?
True
Let d be (27/(-18))/(2/(-4)). Suppose d*o = o - t + 236, 3*o = -3*t + 351. Is o a prime number?
False
Let d(u) = 3*u**2 - 1 - u**3 + 3*u**2 + 2 - 4*u**2. Let n be d(2). Is -483*2/(-6)*n a composite number?
True
Let y be (3284/6)/(4/6). Suppose 4*w + 0*w - 4*t + 1092 = 0, -3*w + 4*t = y. Let x = -126 - w. Is x prime?
False
Let f be (1 + 0)*(-5 + 2). Let h = -1 - f. Is 3/((-225)/(-111) - h) a prime number?
False
Is (0 - -1)/(4/172) prime?
True
Let t(o) = -30*o**3 - o**2 - 2*o + 3. Is t(-4) a composite number?
True
Suppose 6*o - 4*o - 418 = 0. Is o a prime number?
False
Let p(k) be the third derivative of -2*k**4/3 - 5*k**3/6 + 3*k**2. Is p(-4) prime?
True
Suppose 0 = x + 4 - 6. Suppose 2*m = x*n + 6*m - 2, 3*m = 3*n - 48. Suppose -3*k + n + 94 = 0. Is k a prime number?
False
Let x be (-4)/10 + (-18)/5. Let v be (-249)/x - 2/8. Suppose -v = -3*m + 2*h, 3*m - 3*h = 2*m + 16. Is m a prime number?
False
Suppose -5 = -3*y + 13. Suppose 0 = 5*t - 4*m - 56, 0 = -4*t - 2*m + 10 + 40. Is (-4)/t + 200/y a prime number?
False
Let t(a) = -197*a**3 + a**2 + 2*a + 1. Let k be t(-1). Suppose 2*c - 81 = 5*h, -4*c + 2*h + h + k = 0. Is c a prime number?
True
Suppose 0 = -3*t, 3*m + 3*t + 2*t - 6 = 0. Let y be 4/6 - 8/(-6). Suppose 0 = x - m*b - 91, -b + 166 = y*x + 3*b. Is x composite?
True
Let l = 0 + 4. Let u be 0/2 + -3 + 132. Suppose -a = -l*a + u. Is a a composite number?
False
Let h = -385 + 212. Let t = h - -322. Is t prime?
True
Suppose -32 = -4*k - 3*d + 4, -k = 4*d + 4. Is ((-844)/k)/(2/(-6)) prime?
True
Suppose 2*s - 260 = -4*q, 5*q - 77 = -s + 59. Suppose -v = f - 2*f - 86, -5*f = 5*v + 460. Let a = s + f. Is a prime?
True
Is 2*(-5)/40 + (-2949)/(-4) composite?
True
Let q = -484 + 2663. Is q a composite number?
False
Let u = -112 + 190. Suppose -p = -2*p. Suppose 3*c = 3*o - u, 4*c + p*c = -16. Is o a prime number?
False
Let b be 4/24 + (-69)/(-18). Suppose -b*j - 2425 = -9*j. Is j prime?
False
Suppose -3*s = 2*s - 20. Suppose -s*t + 6*h + 32 = 2*h, 0 = -3*t + 4*h + 21. Let l = t - 5. Is l a prime number?
False
Suppose -81 + 326 = 5*l. Let t = l + -30. Is t composite?
False
Suppose 2*z + z - 267 = 0. Is z composite?
False
Let q be (-4)/(-3)*(-405)/(-18). Let x be (-6)/q - 2802/(-10). Let g = x + -93. Is g prime?
False
Let f be 2*(3/2)/3. Let x = 4 + f. Suppose s = -x*y + 168, -3*y - 5*s + 5 + 87 = 0. Is y composite?
True
Let d = 153 - 73. Is d - 1 - (0 + 2) composite?
True
Suppose 0*w = 3*w - 27. Let u(b) = b + 1. Let n(d) = -d - 18. Let q(a) = n(a) + 6*u(a). Is q(w) prime?
False
Let w = -52 + 167. Is w prime?
False
Is (0 - 409)*(-2 + 1) a composite number?
False
Suppose -3*d = 5*a - 97, -a - 43 = -d - 0*a. Is d a prime number?
False
Let j be (-266)/(-1) - 3 - -5. Let u be -1*3*191/(-3). Let d = j - u. Is d a composite number?
True
Let z = 19 - 15. Suppose -85 = -3*f + 2*a, 0 = -5*f - z*a + 168 + 3. Is f composite?
False
Suppose -1940 = 2*t - 5634. Is t composite?
False
Let k be -1 - 2 - 3/(-1). Let d = -3 + k. Is 32 - (-2)/(-2)*d a composite number?
True
Let j(g) = -2*g - 4. Let o be j(-5). Let t = o + -8. Let z = 6 + t. Is z a composite number?
True
Let i(h) = 9*h**2 - 2*h - 10. Let v be i(7). Let n = v + -194. Is n composite?
False
Let d be 229/(-2 - -4 - 3). Let g = d + 434. Is g prime?
False
Let l = -533 - -370. Let v = 48 - l. Is v a composite number?
False
Let p be 1 - (-2 + 10 + -2). Let d(z) = -z**2 - 5*z + 2. Let c be d(p). Suppose c*a + 0 = 12. Is a composite?
True
Suppose 3*z - 24 = -v + 10, -z + 5*v - 10 = 0. Suppose 255 = -5*d + z*d. Is d a composite number?
True
Let v(h) = 12*h**3 - 2*h**2 - 5*h + 2. Is v(3) a composite number?
False
Let c(f) = -6*f - 7. Is c(-10) composite?
False
Let c = 0 + 2. Let b be 2*c - (-1 - 0). Suppose -l - 56 = -b*l. Is l prime?
False
Let l(h) be the second derivative of h**7/2520 + h**6/180 - h**5/120 + h**4/12 + 2*h. Let g(w) be the third derivative of l(w). Is g(-6) prime?
True
Let b = -28 + 41. Let y = b - 9. Suppose -43 + y = -3*d. Is d a prime number?
True
Suppose -q + 4*z - 3*z = 1, -3*q = -2*z. Let c(w) = 20*w**2 + w + 1. Let x be c(q). Let s = x + -46. Is s a composite number?
False
Suppose 0 = -5*l + 2*l + 1473. Is l composite?
False
Suppose -8*s + 4*s = 244. Let m = s - -112. Let w = m - -4. Is w a prime number?
False
Let b(q) = 97*q + 88. Is b(15) a prime number?
True
Let v = 2 + 3. Suppose -v*u = -0*u - 395. Is u a prime number?
True
Let l = 18 - 7. Let y(r) = 37*r - 26. Is y(l) a 